f 93037262?
2, 19, 31, 78979
List the prime factors of 2229881585.
5, 17, 353, 74317
List the prime factors of 84379350.
2, 3, 5, 11, 4649
List the prime factors of 397442410.
2, 5, 39744241
List the prime factors of 447326984.
2, 13, 17, 253013
What are the prime factors of 1938754407?
3, 311, 457, 4547
What are the prime factors of 742216782?
2, 3, 123702797
List the prime factors of 946921476.
2, 3, 197, 400559
What are the prime factors of 12778139?
11, 73, 15913
List the prime factors of 705883650.
2, 3, 5, 4705891
What are the prime factors of 120749864?
2, 19, 794407
What are the prime factors of 122800182?
2, 3, 20466697
What are the prime factors of 1376091973?
101, 109, 239, 523
What are the prime factors of 341070543?
3, 11, 3445157
What are the prime factors of 3927555?
3, 5, 47, 619
List the prime factors of 1345363279.
13, 103489483
What are the prime factors of 43812072?
2, 3, 467, 1303
What are the prime factors of 1545575083?
13, 19, 6257389
What are the prime factors of 149492820?
2, 3, 5, 2491547
List the prime factors of 67971268.
2, 16992817
List the prime factors of 3981863030.
2, 5, 47, 8472049
List the prime factors of 441816165.
3, 5, 7, 293, 4787
List the prime factors of 632955749.
97, 449, 14533
What are the prime factors of 180432065?
5, 11, 3280583
List the prime factors of 27904632.
2, 3, 7, 166099
List the prime factors of 180377468.
2, 31, 1454657
List the prime factors of 367052472.
2, 3, 43, 4391
What are the prime factors of 2769321084?
2, 3, 230776757
List the prime factors of 1182369811.
7, 168909973
What are the prime factors of 855395634?
2, 3, 142565939
List the prime factors of 654343265.
5, 2423, 54011
What are the prime factors of 34082102?
2, 2749, 6199
What are the prime factors of 278259738?
2, 3, 46376623
List the prime factors of 100809650.
2, 5, 2016193
What are the prime factors of 19626954?
2, 3, 3271159
What are the prime factors of 2149235135?
5, 8933, 48119
List the prime factors of 453993166.
2, 11, 149, 138497
List the prime factors of 2338340021.
17, 137549413
What are the prime factors of 183366504?
2, 3, 282973
What are the prime factors of 631245831?
3, 1931, 108967
What are the prime factors of 1593299655?
3, 5, 35406659
List the prime factors of 633716116.
2, 11, 14402639
List the prime factors of 101945741.
73, 1396517
What are the prime factors of 355523142?
2, 3, 13, 17, 197, 1361
List the prime factors of 113933127.
3, 7, 11, 493217
What are the prime factors of 439791826?
2, 219895913
What are the prime factors of 450392326?
2, 225196163
List the prime factors of 58742874.
2, 3, 23, 47297
List the prime factors of 5320123.
1601, 3323
List the prime factors of 201206797.
11, 1447, 12641
What are the prime factors of 35411435?
5, 239, 29633
List the prime factors of 818160869.
818160869
What are the prime factors of 30136966?
2, 53, 284311
List the prime factors of 963227023.
11, 311, 281563
List the prime factors of 698747350.
2, 5, 7, 307, 929
What are the prime factors of 139750167?
3, 46583389
What are the prime factors of 589638878?
2, 294819439
What are the prime factors of 867479226?
2, 3, 144579871
List the prime factors of 3975396903.
3, 441710767
List the prime factors of 185529018.
2, 3, 41, 754183
List the prime factors of 346881744.
2, 3, 11, 72997
What are the prime factors of 485394252?
2, 3, 7, 89, 64927
What are the prime factors of 5624937?
3, 181, 1151
List the prime factors of 79803997.
7, 13, 23, 419
What are the prime factors of 366528268?
2, 4357, 21031
List the prime factors of 97432288.
2, 3044759
What are the prime factors of 2276819012?
2, 13, 887, 49363
List the prime factors of 67915538.
2, 19, 1787251
List the prime factors of 57522072.
2, 3, 421, 5693
What are the prime factors of 36138322?
2, 11, 487, 3373
What are the prime factors of 42474166?
2, 7, 97, 31277
What are the prime factors of 109148242?
2, 7, 223, 34961
List the prime factors of 20044151.
20044151
What are the prime factors of 13966396?
2, 3491599
List the prime factors of 2490186853.
7, 11, 47, 688087
List the prime factors of 262377394.
2, 131188697
What are the prime factors of 17441867?
19, 917993
List the prime factors of 707009757.
3, 397, 593627
List the prime factors of 801688019.
11, 2213, 32933
What are the prime factors of 642949052?
2, 31, 373, 13901
What are the prime factors of 326227577?
13, 79, 317651
List the prime factors of 149707614.
2, 3, 7, 67, 53201
List the prime factors of 447172119.
3, 49685791
List the prime factors of 101564760.
2, 3, 5, 11, 76943
List the prime factors of 3348478602.
2, 3, 7, 113, 3733
What are the prime factors of 79161258?
2, 3, 11, 19, 63127
List the prime factors of 130623204.
2, 3, 61, 178447
What are the prime factors of 5156846884?
2, 7, 359, 513017
List the prime factors of 2832225354.
2, 3, 7, 743, 30253
List the prime factors of 29343339.
3, 3260371
What are the prime factors of 161609994?
2, 3, 7, 13, 98663
List the prime factors of 457705521.
3, 7, 13, 29, 2753
List the prime factors of 532827752.
2, 23, 31, 109, 857
List the prime factors of 33415515.
3, 5, 7, 43, 2467
What are the prime factors of 3997214636?
2, 37, 89, 303463
List the prime factors of 73939416.
2, 3, 3080809
What are the prime factors of 1257177908?
2, 7, 6414173
List the prime factors of 123594912.
2, 3, 7, 101, 607
What are the prime factors of 225972623?
71, 3182713
What are the prime factors of 398371085?
5, 7, 11382031
List the prime factors of 1287812295.
3, 5, 7, 11, 371663
List the prime factors of 117798397.
59, 1996583
What are the prime factors of 758970881?
9461, 80221
What are the prime factors of 131627815?
5, 11, 2393233
List the prime factors of 4090100307.
3, 151, 9028919
What are the prime factors of 96998864?
2, 6062429
What are the prime factors of 310950371?
19, 16365809
List the prime factors of 689683808.
2, 11, 599, 3271
What are the prime factors of 173506770?
2, 3, 5, 1927853
List the prime factors of 117321033.
3, 193, 202627
List the prime factors of 1951377746.
2, 73, 2203, 6067
List the prime factors of 149367612.
2, 3, 23, 271, 1997
List the prime factors of 125918454.
2, 3, 20986409
List the prime factors of 325673641.
17, 19157273
What are the prime factors of 1252885665?
3, 5, 8849, 9439
List the prime factors of 104535279.
3, 43, 30013
List the prime factors of 1024981796.
2, 41, 6249889
List the prime factors of 63967097.
479, 133543
List the prime factors of 1335335850.
2, 3, 5, 31, 95723
What are the prime factors of 7890091250?
2, 5, 41, 153953
List the prime factors of 2066814734.
2, 1033407367
List the prime factors of 383443066.
2, 19, 101, 99907
List the prime factors of 28304311.
7, 577639
What are the prime factors of 152727583?
41, 487, 7649
List the prime factors of 89263100.
2, 5, 709, 1259
List the prime factors of 460004017.
11, 37, 239, 4729
What are the prime factors of 282305938?
2, 141152969
What are the prime factors of 929306044?
2, 29, 8011259
What are the prime factors of 106293755?
5, 21258751
List the prime factors of 2003581556.
2, 500895389
List the prime factors of 5476683853.
10837, 505369
List the prime factors of 1430211469.
7993, 178933
What are the prime factors of 171326766?
2, 3, 13, 73, 30089
What are the prime factors of 163113017?
257, 634681
List the prime factors of 8675597.
7, 101, 1753
What are the prime factors of 24459370?
2, 5, 13, 41, 353
List the prime factors of 101517756.
2, 3, 8459813
What are the prime factors of 60688134?
2, 3, 13, 167, 1553
What are the prime factors of 632719250?
2, 5, 2530877
What are the prime factors of 85171017?
3, 28390339
What are the prime factors of 1555255934?
2, 777627967
List the prime factors of 451799576.
2, 56474947
List the prime factors of 443108431.
941, 470891
What are the prime factors of 34422155?
5, 6884431
List the prime factors of 2057779629.
3, 19, 103, 116833
List the prime factors of 1907060888.
2, 181, 1317031
List the prime factors of 249583644.
2, 3, 163, 42533
List the prime factors of 1251986670.
2, 3, 5, 11, 53, 107, 223
What are the prime factors of 811777689?
3, 307, 293803
List the prime factors of 677038269.
3, 149, 647, 2341
List the prime factors of 2672525504.
2, 11, 3796201
List the prime factors of 47251881